) = -h + 40. Let x be w(18). Let o be (-32)/(-176) + (-4)/x. What are the prime factors of b(o)?
5
List the prime factors of (13 - (-328)/(-24))/(4/(-3762)).
3, 11, 19
List the prime factors of (297168/369)/((-2)/(-9)).
2, 3, 151
Suppose 0*f - 3*f + 149 = -4*d, -f + 3*d = -58. Suppose 4*u + 2*n - f = -n, 3*u - 4*n = 51. List the prime factors of u.
13
Let u(n) = 11*n + 63. What are the prime factors of u(14)?
7, 31
Suppose 7*o - 4*o - 51 = 0. Suppose -o*q + 244 = -15*q. List the prime factors of q.
2, 61
Let k = 697 + -340. What are the prime factors of k?
3, 7, 17
Suppose 2*f - 2429 = -5*k, 5*f - 7292 = -5*k - 1257. List the prime factors of f.
2, 601
Let s be (220/6)/((-36)/(-54)). Suppose -2*n + 111 = -s. List the prime factors of n.
83
Let c(l) = -4*l**2. Let x be c(-1). Let a be 2/8 + (-15)/x. Suppose g = -3*j + 86 - 12, -5*j + 135 = a*g. List the prime factors of j.
23
Let s(j) = -91*j - 80. List the prime factors of s(-12).
2, 11, 23
Let m(r) = 2*r**3 + 3*r**2 + 4*r + 3. Let c be m(-2). Let l(o) = 5 + 2 + 15*o + 9 + 2*o**2. List the prime factors of l(c).
43
What are the prime factors of 14/63 + (-88)/(-18)*506?
2, 1237
Suppose r + 3*r + 832 = 4*o, 0 = -4*o. Let t = r + 292. List the prime factors of t.
2, 3, 7
Let t = -35 - -9. List the prime factors of (1 - 32/3)*(-29 - t).
29
Suppose 363 = 3*v - 1551. What are the prime factors of v?
2, 11, 29
Let l(h) = 3*h + 7. Let g be l(-6). Let y(x) = -4*x - 135 + 269 - 114. What are the prime factors of y(g)?
2
Let t = 142 - 141. Let r(s) = 3*s**2 - 7*s + 6. Let b be r(4). Let z = t + b. List the prime factors of z.
3
Let d be 1/(-3) + (-16)/(-3). Suppose -5*r = -0*r - 2*x - 12, 3*r + x - d = 0. Suppose -42 = r*m - 3*m. What are the prime factors of m?
2, 3, 7
Let z(r) = -5*r**2 - 58*r - 4. Let v be z(-11). Let l = -4 + -4. Let t = v + l. List the prime factors of t.
3, 7
Let z = -29 - -60. Let w = z - 3. What are the prime factors of 8/w - (-166)/7?
2, 3
Let k(d) = -d + 6. Let r be k(-5). Let w(u) = 15*u - 3*u**2 - 6 + 2*u**2 - 2*u. What are the prime factors of w(r)?
2
Suppose -r = -2*h - 141, 2*h = -8*r + 3*r + 765. Suppose d + 36 = -3*j + r, 2*j + 4*d - 70 = 0. What are the prime factors of j?
3, 13
Let l = 5 + -2. Let y(z) = -z**3 + 2*z**2 + 3*z - 9. Let g be y(0). List the prime factors of 15 + g/l + 1.
13
Let h(l) = 17*l + 51. List the prime factors of h(10).
13, 17
Let q(i) = i**2 - i + 10. Let a be q(0). Let c(x) = -x**3 + 11*x**2 - 10*x - 4. Let m be c(a). What are the prime factors of 41 - (3 - (-28)/m)?
3, 5
Let r = 811 + -452. What are the prime factors of r?
359
Let j(q) = -q**2 + 7*q - 9. Let t be j(4). Let d be 30/18 - (-1)/t. Suppose 3*y - 51 = d*y. List the prime factors of y.
3, 17
Let m(g) = 3*g - 21. Let n be m(4). Let r(z) = z**2 + 9*z + 9. Let b be r(-8). List the prime factors of b/3 + (-105)/n.
2, 3
Let f(l) = 41*l + 1. Let z be (-36)/21*49/(-14). What are the prime factors of f(z)?
13, 19
Let w = 3 + -1. Let t be (-1)/(3/(-15)) + w. List the prime factors of t/(-28) + 33/4.
2
Let v(p) = 3*p + 19. Suppose 2*z = -z. What are the prime factors of v(z)?
19
Suppose o = z - 1668, -13*z + 14*z - 1674 = -5*o. What are the prime factors of z?
1669
Suppose 9*b - 14*b - 1188 = -3*w, 5*w = 4*b + 1993. List the prime factors of w.
401
What are the prime factors of (-5)/20 + 4235/44?
2, 3
Suppose 5477 + 241 = 4*j + 3*h, 0 = 2*j - 2*h - 2852. Suppose -10*c = -3*c - j. List the prime factors of c.
2, 3, 17
Let w be (4/(-10))/((-2)/10). Let q be w + (3 + -2)/1. List the prime factors of (-130)/(-8) + q/(-12).
2
Let l(i) = i + 9. Let w be l(-9). Let n be 3 - (1 - 1 - w). Let c = 27 - n. What are the prime factors of c?
2, 3
Suppose -4*j = j - 150. List the prime factors of (-1)/6 - (-1565)/j.
2, 13
Let j(o) be the first derivative of -7*o**4/4 + o**2/2 - 2. List the prime factors of j(-2).
2, 3
Let f = -1051 - -3271. What are the prime factors of f?
2, 3, 5, 37
What are the prime factors of ((2736/15)/(-2))/(12/(-40))?
2, 19
Let w be 392/126 + (-2)/18. Let v(p) = w + 20*p**3 - 19*p**2 - 4 + 21*p**2. What are the prime factors of v(1)?
3, 7
Let l = 31 + -33. Let h = l - -43. List the prime factors of h.
41
Let h = 714 + -430. Suppose -5*i + h + 34 = 4*j, -2*i + 5*j = -114. List the prime factors of i.
2, 31
Let d = -137 - -49. Let r = 991 - 1007. Let j = r - d. List the prime factors of j.
2, 3
Let k(i) be the first derivative of -35*i**2 + i - 18. List the prime factors of k(-2).
3, 47
Let d(i) be the second derivative of i**6/180 - i**5/120 - i**4/4 + i**3/3 - 4*i. Let m(w) be the second derivative of d(w). List the prime factors of m(5).
3, 13
Let f(i) = -i**2 + i + 3. Let b be f(0). Suppose -b*c + c = 16. What are the prime factors of (c/4 - -2) + 24?
2, 3
Suppose -7*r + 2*r = -4*z + 38, -2*z = -r - 16. Suppose z*k = 4*k + 174. List the prime factors of k.
2, 29
Let b(t) = -t**3 + 11*t**2 + 10*t + 24. Let r be b(12). Suppose r*f = 2*f + 8. Let j(k) = -19*k - 1. What are the prime factors of j(f)?
3, 5
Let c = -4 + -5. Let n = 55 - c. List the prime factors of n.
2
Suppose -2*r - 20 = -7*r. Suppose -k = 3*o - 325, 0 = -5*o + k + r*k + 535. What are the prime factors of o?
2, 3
What are the prime factors of (-2)/25 - 19480944/(-5550)?
2, 3, 5, 13
Let d(n) = 31 - 18 + 44*n**3 - 13 + n**2. Let j(f) = f**3 + 5*f**2 + f + 6. Let o be j(-5). List the prime factors of d(o).
3, 5
Let j be ((-97)/(-4))/((-7)/(-364)). Suppose 6*m = 19*m - j. List the prime factors of m.
97
Suppose 0 = -3*s + 3 + 12. Suppose -t + 41 = s. List the prime factors of t.
2, 3
Let b(h) = 2*h**2 + 6*h - 7. Let g be 5/(-2)*4/(-5). List the prime factors of b(g).
13
Suppose 100*t - 17559 = -2759. What are the prime factors of t?
2, 37
Let w = -634 - -999. Suppose -4*y + 5*k = -w, 0*y + 2*k = 5*y - 469. List the prime factors of y.
5, 19
Let a = 130 - 62. Let r = 120 - a. List the prime factors of r.
2, 13
Let w(d) = 1 - 25*d - 7 + 0 + 105*d. List the prime factors of w(2).
2, 7, 11
Suppose 3*x + 5*j - 2095 = 3*j, 0 = 3*x + 3*j - 2100. Suppose 0 = -5*f + 5*i + 865, -3*i + 2*i = -4*f + x. What are the prime factors of f?
2, 3, 29
Let u = 54 - 21. Suppose -37*o + u*o + 48 = 0. List the prime factors of o.
2, 3
Let c(u) be the second derivative of 5*u**3/3 + u**2/2 + 7*u. List the prime factors of c(7).
71
Let p = 8 - 5. Suppose 3*a + 63 = 2*v, 2*v + p*a - 57 = -v. List the prime factors of v.
2, 3
Suppose -3*f = 0, -p + 6*p = 2*f + 25. Suppose q - 79 = 5*d - 2*d, 3*q - p*d = 221. What are the prime factors of q?
67
Suppose 5*a = -0*a. What are the prime factors of (-4 - (-2 + a)) + (36 - 9)?
5
Let h(m) = -m**2 - 2*m. Let i be h(-2). Suppose 2*g - 9 = j - i, -j - 5*g = 23. Let l(p) = p**3 + 13*p**2 - p + 10. What are the prime factors of l(j)?
23
Suppose 32*k - 30*k - 4*o = 52, -36 = -k + 4*o. What are the prime factors of k?
2
Let j(a) = 59*a - 63. List the prime factors of j(16).
881
Suppose 50*g - 2464 - 28286 = 0. What are the prime factors of g?
3, 5, 41
Let u be 676/(-117) - 2/9. Let y(f) = -2 - 5*f**2 + 6 + 4*f**2 + 0 - 8*f. List the prime factors of y(u).
2
Let u(v) = -4*v**2 - 198*v + 15. List the prime factors of u(-35).
5, 409
Let g(y) = 341*y**2 - 8*y - 9. Let k be g(4). List the prime factors of (-6)/(-21) + k/35.
5, 31
Suppose -2*n = -3*f - 1098, 74*n = 70*n - 2*f + 2228. What are the prime factors of n?
3, 5, 37
Suppose -p + 187 - 22 = 0. List the prime factors of p.
3, 5, 11
Let v be (-6)/21 + (-4)/(-14). Let k be (-2)/(v + (3 - 1)). What are the prime factors of k*(-11 + 2 + -2)?
11
Suppose -3140 = -21*t + 766. What are the prime factors of t?
2, 3, 31
Let w(l) = 37*l**2 + 28*l - 3. What are the prime factors of w(-4)?
3, 53
Let l = 291 - 505. Let t = 305 + l. List the prime factors of t.
7, 13
Suppose -3*p + 78 = -0. What are the prime factors of p - 3 - 16/4?
19
Suppose 4*i + i - 15 = 0, -3 = u - 5*i. Suppose 6*n - u = 5*n. Let t = n + 3. List the prime factors of t.
3, 5
Let i be (6/4)/(6/16). Let g be -12 - (-188)/16 - (-145)/4. Suppose s + 5*c - 23 - 9 = 0, -2*s + g = -i*c. What are the prime factors of s?
2, 11
Suppose -f + 0*f + 2 = 0. Suppose 2*y = 2*x - 16, -4*x - f*y + 3 + 23 = 0. Suppose 396 = -r + x*r. List the prime factors of r.
2, 3, 11
Let f = -223 - -332. What are the prime factors of f